 + 8 = 16. Suppose g + 3*g - c = 0. Suppose -39 - 9 = -g*j. What is the tens digit of j?
2
Let y = -364 + 3560. What is the units digit of y?
6
Let r be ((-54)/24)/((-6)/16). Suppose -x - 3 = -r. What is the units digit of x?
3
Let o be (6/(-4))/(9/12). What is the units digit of 4210/75 + o/15?
6
Let q = 1497 - 823. What is the units digit of q?
4
Suppose 2*d + d - t - 64 = 0, 0 = 3*t - 6. Let i = d - 19. Suppose i*p - 42 - 87 = 0. What is the tens digit of p?
4
What is the units digit of ((-1)/5 - 19032/(-160))*4?
5
Let k(i) = 6*i - 60. Let j be k(7). What is the tens digit of j/90 + (-506)/(-5) + 0?
0
Let t be ((-2)/4)/((-5)/230). Let a = t + -18. What is the units digit of 1/a - 378/(-35)?
1
Suppose 0 = -5*z + 20, z = 2*t - t - 558. What is the tens digit of t?
6
Let v be (-2 + -7)*138/9. Let p be (2/2)/((-6)/v). Let x = 1 + p. What is the units digit of x?
4
Let u(n) = -n**2 - 6*n - 2. Let j be u(-6). What is the tens digit of j/8 + 1267/28?
4
Suppose -7*j + 1279 + 1192 = 0. What is the units digit of j?
3
What is the tens digit of (-2 - -1)/((-10)/3900)?
9
Let n = 638 - 163. What is the tens digit of n?
7
Let o(i) = -i**2 + i + 1. Let y be o(-3). Let h be y/44 - (-7)/(-4). What is the units digit of (125/(-10))/(h/4)?
5
Suppose 4 = -4*g, 49*g - 47*g = -3*f + 4264. What is the tens digit of f?
2
Let q be (-2)/(-7) + (-231)/(-49). Suppose -2*d + 1 = -q. What is the units digit of (5/3)/(d/9)?
5
Let g(k) = -7 + 18*k - 5 - 2 + 10*k. What is the hundreds digit of g(6)?
1
Suppose -2*r - 4*v - 34 = r, -5*r - 18 = -3*v. Let s(b) = -b**2 - 15*b + 1. What is the tens digit of s(r)?
5
Suppose -4*l + 6*a + 2730 = 11*a, 0 = -l - 3*a + 679. Suppose 5*t - l = -3*s, -5*t - 264 = 4*s - 1184. What is the hundreds digit of s?
2
Let x be 0/(0 - (5 - 3)). Let h(k) = k + 52. What is the tens digit of h(x)?
5
Let r = 410 - 240. Suppose 5*g - 4*y - r = 0, 4*g - 2*y = 2*g + 66. What is the tens digit of g?
3
Let h(t) = 2*t**3 + 12*t**2 + 8*t - 6. What is the hundreds digit of h(6)?
9
Let p(z) = -z**2 + 6*z + 1. Let c be p(7). Let l be 0/(3 + c - -2). Suppose -o - 1 + 24 = l. What is the units digit of o?
3
Let l = -1711 - -6172. What is the thousands digit of l?
4
Let a = 4172 + -2913. What is the units digit of a?
9
What is the thousands digit of 453681/(-162)*(12/(-9) + 0)?
3
Let i(z) = -z**2 + 31*z - 42. Suppose 230 = 14*b - 4*b. What is the tens digit of i(b)?
4
Let s = 2451 + -3790. What is the tens digit of (s/39)/(1/(-1 - 2))?
0
Suppose -4*i - 2*a + 176 = 0, -i + 40 = 3*a + 6. What is the units digit of i?
6
Let i be ((-4)/(-1))/(-8 - -9). Suppose 0 = y - 0*y - 2. What is the units digit of y/(i*3/66)?
1
Let a be 4/20 - 644/(-5). Suppose -2*o = -3*c - a, -4*o + 294 = o + 2*c. What is the units digit of o?
0
Suppose 18*s = 14*s + 8. Suppose 16 - 12 = s*g. What is the units digit of g?
2
Suppose 75 = 4*m + 3*u - 450, -m - 3*u = -138. What is the tens digit of m?
2
Let l = -10 - -40. What is the tens digit of (944/(-10))/(2 + (-72)/l)?
3
Suppose 0 = 1092*p - 1094*p + 2282. What is the hundreds digit of p?
1
Let m(q) = -q**3 - 14*q**2 + 15*q - 17. Let d be m(-15). Suppose 3*n + 67 = -2*l, -4*n - 1 = 2*l + 61. Let v = d - l. What is the tens digit of v?
2
Suppose -6*m + 4*m - 648 = 0. Let b = -220 - m. What is the hundreds digit of b?
1
Suppose -13*x + 8*x - 825 = 0. Let u = -94 - x. What is the units digit of u?
1
Suppose 0*r - 3*h = -4*r + 1424, -3*r = 4*h - 1093. What is the units digit of r?
9
Let g = 5 + -3. Suppose l = 2*n - 7 - 0, -4*n = 5*l - 49. What is the units digit of (33/9)/(g/n)?
1
Let i = 386 - 281. What is the units digit of i?
5
Let o = 8 + -5. Suppose -58 = -12*s + 14. Let a = s - o. What is the units digit of a?
3
Let q be 432/56 + 4/14. Suppose s + 2*w - q = 0, s + 2*w - 28 = 4*w. What is the tens digit of s?
1
Let m(u) = -u**2 - 6*u - 3. Let g be m(-5). Suppose 4*j - 12 - 30 = -g*l, -71 = -4*l + 5*j. What is the units digit of l?
9
Let o be (-4)/(-16) - (-1198)/8. Suppose b - 561 = -5*d, d + 45 = -2*b + o. What is the units digit of d?
3
Let a = 5643 + -2078. What is the tens digit of a?
6
Suppose 0 = -10*n + 24368 + 322. What is the thousands digit of n?
2
Let i(w) = -2*w**2 - 13*w - 9. Let f be i(-6). What is the tens digit of (f/3)/(1/(-63))?
6
Let x be ((-7)/84*279)/((-6)/16). Let j = 846 + -551. Suppose 5*p = f + j, -5*p - f + 367 = x. What is the units digit of p?
0
Suppose 4*x + 20*m - 19*m = 1000, 0 = -5*x + 3*m + 1267. What is the hundreds digit of x?
2
Let h be -20*(11/4 - 2). What is the tens digit of (-4)/20 - 963/h?
6
Let w = -76 + 137. Let r = 124 - w. Suppose 0 = -2*n - 2, 2*f - 3*n = -f + r. What is the units digit of f?
0
Suppose 0 = 9*u - 3354 - 7023. What is the units digit of u?
3
Suppose -3*b + 19 + 605 = 0. What is the hundreds digit of b?
2
What is the units digit of (27 - 25)*138/4?
9
Suppose 11 = 4*v + 35. Let r be (135/(-6))/(3/(-4)). Let z = r + v. What is the tens digit of z?
2
Let d = -563 - -1289. What is the tens digit of d?
2
Let h(y) = y**3 - y**2 + 15*y + 16. What is the tens digit of h(8)?
8
Let s = -12 - -14. Suppose -4*p + 10 - s = 0. What is the units digit of 1/(-2) + 7/p?
3
Let i = -55 + -183. Let j = -167 - i. What is the units digit of j?
1
Let z = 344 + 661. What is the units digit of z?
5
Suppose -2433 = 4*q + 719. Let j = -6 + 4. What is the tens digit of q/(-52) + j/13?
1
Suppose -2*v + 5*c = -3 - 3, 4*c + 16 = -4*v. What is the units digit of (2*167)/(0 - v)?
7
Let c be 1 + 3 + (1 + -1 - 4). What is the units digit of c + 95 + (-1 - 3)?
1
Suppose 5 = 6*g - 5*g. Suppose 0*b + g*d - 13 = 2*b, 5*d = -3*b + 18. What is the units digit of (1 + -2)*b*-45?
5
Let v = -5 + 6. What is the units digit of (17/(-3) + 2)/(v/(-12))?
4
Let g be 4200/54 - 6/(-27). Let j = 138 - g. What is the units digit of j?
0
Let f(p) = 59*p - 59. What is the tens digit of f(5)?
3
Suppose -28 = -5*c + c. Let q(a) = 3*a**2 - 12*a - 7. What is the tens digit of q(c)?
5
Let h be 4/(-6) - (-732)/(-9). Let o = -46 - h. Let c = -8 + o. What is the tens digit of c?
2
Let n be (6/4)/(33/44). Suppose -4*i + 50 = -5*b - 71, n*b + 147 = 5*i. What is the units digit of i?
9
Suppose a + 5 = 4, 4*a = -4*w + 1468. What is the hundreds digit of w?
3
Suppose 0 = 3*w - 2 - 25. Suppose 3 = g + v - w, -5*g = 2*v - 48. Suppose -d + r = 0, 3*r + 12 = -d + g*r. What is the units digit of d?
3
Suppose -3*u = 3*a - 57, 2*a - 39 = -0*u - u. Let r = 17 - a. What is the tens digit of 279/4 - r/(-4)?
6
Let j(m) = -m**2 - 7*m + 9. Let p be j(-8). Let d be 6 + p + (-2)/1. Suppose 0 = -q + d*o + 9, 2*o - 26 = -2*q + 4. What is the units digit of q?
4
Suppose -3 = 5*n + 17, 4*g + 8 = -3*n. What is the units digit of ((-3)/g)/(13/(-26))?
6
Suppose 4*n - 5*n - 2*q = -13, -4*n + 2*q = -2. Suppose n*h + h + 6 = -2*r, 3*h = r + 18. What is the units digit of 3/(r/(-12)) - 2?
2
Let s be 3 + (-374)/(-33)*9. Suppose 3*v + 2*v = 2*z + 45, -5*z + 2*v - 165 = 0. Let c = s + z. What is the tens digit of c?
7
Suppose -20*z - 73*z = -92721. What is the hundreds digit of z?
9
Let d(x) = -7*x + 18. Suppose 2*k = -0*k - 24. What is the units digit of d(k)?
2
Let p(a) = a**3 + 9*a**2 + 26*a - 82. What is the thousands digit of p(13)?
3
Suppose -4*v + t = -20, 2*t + 7 = 2*v - 3. Suppose 3*f = -v*f + 416. What is the units digit of f?
2
What is the hundreds digit of 1058 - (21/7 - (2 - 2))?
0
Let c = -43 + 47. Let a = 47 - c. What is the tens digit of a?
4
Let q(k) = -2*k**2 + 8*k - 16. Let h be q(8). Let c = 13 - h. What is the units digit of c?
3
Let l be (-2)/12 + 28/24. Let f be 2 + -3 - (l - 48). Suppose 5*i - 106 = 4*t - 2*t, 2*i + t = f. What is the units digit of i?
2
What is the units digit of (-815)/163*2966/(-10)?
3
Let g(h) be the first derivative of h**3/3 + 2*h**2 + 3*h - 2. Let k be g(-3). What is the units digit of 21 - (k + -2 - 1)?
4
Let w = 7 - 5. Suppose -y = -a - 11, y - 3 = 4*a + w. Let r = 2 + y. What is the units digit of r?
5
Suppose -110 = -12*x + 7*x. Let h be (-4)/(-22) - (-194)/x. What is the units digit of ((-36)/(-7))/(h/63)?
6
Let f(q) = -4*q - 3. Let n be (-3)/(-12) + (-11)/(-4). Suppose -4*k + n = -4*c - 1, -2*k = 3*c + 18. What is the units digit of f(k)?
9
Suppose 60 = g - 4*g. Let r be ((-16)/g)/(4/10). Suppose 4*x = -r*d + 86, -5*x 